[INFO] fetching crate scm 0.0.3...
[INFO] checking scm-0.0.3 against try#72f88fc4e9458f89516a0b8b0868f3718aec5b47 for pr-74989
[INFO] extracting crate scm 0.0.3 into /workspace/builds/worker-9/source
[INFO] validating manifest of crates.io crate scm 0.0.3 on toolchain 72f88fc4e9458f89516a0b8b0868f3718aec5b47
[INFO] running `Command { std: "/workspace/cargo-home/bin/cargo" "+72f88fc4e9458f89516a0b8b0868f3718aec5b47" "read-manifest" "--manifest-path" "Cargo.toml", kill_on_drop: false }`
[INFO] started tweaking crates.io crate scm 0.0.3
[INFO] finished tweaking crates.io crate scm 0.0.3
[INFO] tweaked toml for crates.io crate scm 0.0.3 written to /workspace/builds/worker-9/source/Cargo.toml
[INFO] running `Command { std: "/workspace/cargo-home/bin/cargo" "+72f88fc4e9458f89516a0b8b0868f3718aec5b47" "generate-lockfile" "--manifest-path" "Cargo.toml" "-Zno-index-update", kill_on_drop: false }`
[INFO] running `Command { std: "/workspace/cargo-home/bin/cargo" "+72f88fc4e9458f89516a0b8b0868f3718aec5b47" "fetch" "--locked" "--manifest-path" "Cargo.toml", kill_on_drop: false }`
[INFO] running `Command { std: "docker" "create" "-v" "/var/lib/crater-agent-workspace/builds/worker-9/target:/opt/rustwide/target:rw,Z" "-v" "/var/lib/crater-agent-workspace/builds/worker-9/source:/opt/rustwide/workdir:ro,Z" "-v" "/var/lib/crater-agent-workspace/cargo-home:/opt/rustwide/cargo-home:ro,Z" "-v" "/var/lib/crater-agent-workspace/rustup-home:/opt/rustwide/rustup-home:ro,Z" "-e" "SOURCE_DIR=/opt/rustwide/workdir" "-e" "CARGO_TARGET_DIR=/opt/rustwide/target" "-e" "CARGO_HOME=/opt/rustwide/cargo-home" "-e" "RUSTUP_HOME=/opt/rustwide/rustup-home" "-w" "/opt/rustwide/workdir" "-m" "1610612736" "--user" "0:0" "--network" "none" "rustops/crates-build-env@sha256:d92eaeed33fa75130ca1ee6c8a01d1ffb62bac859dfdfb3450e3e5d1c0146529" "/opt/rustwide/cargo-home/bin/cargo" "+72f88fc4e9458f89516a0b8b0868f3718aec5b47" "metadata" "--no-deps" "--format-version=1", kill_on_drop: false }`
[INFO] [stdout] 72748b1d12ea8e5ba8edfe2a9fecee07e43cfc4c00a47c99aa415ee87acaad29
[INFO] [stderr] WARNING: Your kernel does not support swap limit capabilities or the cgroup is not mounted. Memory limited without swap.
[INFO] running `Command { std: "docker" "start" "-a" "72748b1d12ea8e5ba8edfe2a9fecee07e43cfc4c00a47c99aa415ee87acaad29", kill_on_drop: false }`
[INFO] running `Command { std: "docker" "inspect" "72748b1d12ea8e5ba8edfe2a9fecee07e43cfc4c00a47c99aa415ee87acaad29", kill_on_drop: false }`
[INFO] running `Command { std: "docker" "rm" "-f" "72748b1d12ea8e5ba8edfe2a9fecee07e43cfc4c00a47c99aa415ee87acaad29", kill_on_drop: false }`
[INFO] [stdout] 72748b1d12ea8e5ba8edfe2a9fecee07e43cfc4c00a47c99aa415ee87acaad29
[INFO] running `Command { std: "docker" "create" "-v" "/var/lib/crater-agent-workspace/builds/worker-9/target:/opt/rustwide/target:rw,Z" "-v" "/var/lib/crater-agent-workspace/builds/worker-9/source:/opt/rustwide/workdir:ro,Z" "-v" "/var/lib/crater-agent-workspace/cargo-home:/opt/rustwide/cargo-home:ro,Z" "-v" "/var/lib/crater-agent-workspace/rustup-home:/opt/rustwide/rustup-home:ro,Z" "-e" "SOURCE_DIR=/opt/rustwide/workdir" "-e" "CARGO_TARGET_DIR=/opt/rustwide/target" "-e" "CARGO_INCREMENTAL=0" "-e" "RUST_BACKTRACE=full" "-e" "RUSTFLAGS=--cap-lints=forbid" "-e" "CARGO_HOME=/opt/rustwide/cargo-home" "-e" "RUSTUP_HOME=/opt/rustwide/rustup-home" "-w" "/opt/rustwide/workdir" "-m" "1610612736" "--user" "0:0" "--network" "none" "rustops/crates-build-env@sha256:d92eaeed33fa75130ca1ee6c8a01d1ffb62bac859dfdfb3450e3e5d1c0146529" "/opt/rustwide/cargo-home/bin/cargo" "+72f88fc4e9458f89516a0b8b0868f3718aec5b47" "check" "--frozen" "--all" "--all-targets" "--message-format=json", kill_on_drop: false }`
[INFO] [stdout] 99b98fe3e12ee20b9be637edef0f4a27f155477fa8483a601ddb5d9fed00fd1a
[INFO] [stderr] WARNING: Your kernel does not support swap limit capabilities or the cgroup is not mounted. Memory limited without swap.
[INFO] running `Command { std: "docker" "start" "-a" "99b98fe3e12ee20b9be637edef0f4a27f155477fa8483a601ddb5d9fed00fd1a", kill_on_drop: false }`
[INFO] [stderr]     Checking commandext v0.1.0
[INFO] [stderr]     Checking scm v0.0.3 (/opt/rustwide/workdir)
[INFO] [stdout] warning: unknown lint: `unstable`
[INFO] [stdout]  --> src/lib.rs:6:10
[INFO] [stdout]   |
[INFO] [stdout] 6 | #![allow(unstable)]
[INFO] [stdout]   |          ^^^^^^^^
[INFO] [stdout]   |
[INFO] [stdout]   = note: `#[warn(unknown_lints)]` on by default
[INFO] [stdout] 
[INFO] [stdout] 
[INFO] [stdout] error[E0658]: non-builtin inner attributes are unstable
[INFO] [stdout]  --> src/lib.rs:5:1
[INFO] [stdout]   |
[INFO] [stdout] 5 | #![experimental]
[INFO] [stdout]   | ^^^^^^^^^^^^^^^^
[INFO] [stdout]   |
[INFO] [stdout]   = note: see issue #54726 <https://github.com/rust-lang/rust/issues/54726> for more information
[INFO] [stdout]   = help: add `#![feature(custom_inner_attributes)]` to the crate attributes to enable
[INFO] [stdout] 
[INFO] [stdout] 
[INFO] [stdout] warning: unknown lint: `unstable`
[INFO] [stdout]  --> src/lib.rs:6:10
[INFO] [stdout]   |
[INFO] [stdout] 6 | #![allow(unstable)]
[INFO] [stdout]   |          ^^^^^^^^
[INFO] [stdout]   |
[INFO] [stdout]   = note: `#[warn(unknown_lints)]` on by default
[INFO] [stdout] 
[INFO] [stdout] 
[INFO] [stdout] error[E0658]: non-builtin inner attributes are unstable
[INFO] [stdout]  --> src/lib.rs:5:1
[INFO] [stdout]   |
[INFO] [stdout] 5 | #![experimental]
[INFO] [stdout]   | ^^^^^^^^^^^^^^^^
[INFO] [stdout]   |
[INFO] [stdout]   = note: see issue #54726 <https://github.com/rust-lang/rust/issues/54726> for more information
[INFO] [stdout]   = help: add `#![feature(custom_inner_attributes)]` to the crate attributes to enable
[INFO] [stdout] 
[INFO] [stdout] 
[INFO] [stdout] error[E0432]: unresolved import `std::io::File`
[INFO] [stdout]    --> src/git.rs:132:5
[INFO] [stdout]     |
[INFO] [stdout] 132 | use std::io::File;
[INFO] [stdout]     |     ^^^^^^^^^^^^^ no `File` in `io`
[INFO] [stdout] 
[INFO] [stdout] 
[INFO] [stdout] error[E0432]: unresolved import `std::io::process`
[INFO] [stdout]    --> src/git.rs:133:14
[INFO] [stdout]     |
[INFO] [stdout] 133 | use std::io::process::Command;
[INFO] [stdout]     |              ^^^^^^^ could not find `process` in `io`
[INFO] [stdout] 
[INFO] [stdout] 
[INFO] [stdout] error[E0432]: unresolved import `std::os::getcwd`
[INFO] [stdout]    --> src/git.rs:134:5
[INFO] [stdout]     |
[INFO] [stdout] 134 | use std::os::getcwd;
[INFO] [stdout]     |     ^^^^^^^^^^^^^^^ no `getcwd` in `os`
[INFO] [stdout] 
[INFO] [stdout] 
[INFO] [stdout] error[E0432]: unresolved imports `std::io::File`, `std::io::IoResult`
[INFO] [stdout]    --> src/git.rs:574:19
[INFO] [stdout]     |
[INFO] [stdout] 574 |     use std::io::{File,IoResult};
[INFO] [stdout]     |                   ^^^^ ^^^^^^^^
[INFO] [stdout]     |                   |    |
[INFO] [stdout]     |                   |    no `IoResult` in `io`
[INFO] [stdout]     |                   |    help: a similar name exists in the module: `Result`
[INFO] [stdout]     |                   no `File` in `io`
[INFO] [stdout] 
[INFO] [stdout] 
[INFO] [stdout] error[E0432]: unresolved import `std::io::fs`
[INFO] [stdout]    --> src/git.rs:575:18
[INFO] [stdout]     |
[INFO] [stdout] 575 |     use std::io::fs::PathExtensions;
[INFO] [stdout]     |                  ^^ could not find `fs` in `io`
[INFO] [stdout] 
[INFO] [stdout] 
[INFO] [stdout] error[E0432]: unresolved import `std::io::fs`
[INFO] [stdout]    --> src/git.rs:576:18
[INFO] [stdout]     |
[INFO] [stdout] 576 |     use std::io::fs::{mkdir_recursive,rmdir_recursive};
[INFO] [stdout]     |                  ^^ could not find `fs` in `io`
[INFO] [stdout] 
[INFO] [stdout] 
[INFO] [stdout] error[E0432]: unresolved import `std::io::process`
[INFO] [stdout]   --> src/hg.rs:95:14
[INFO] [stdout]    |
[INFO] [stdout] 95 | use std::io::process::Command;
[INFO] [stdout]    |              ^^^^^^^ could not find `process` in `io`
[INFO] [stdout] 
[INFO] [stdout] 
[INFO] [stdout] error[E0432]: unresolved import `std::io::IoResult`
[INFO] [stdout]    --> src/hg.rs:326:9
[INFO] [stdout]     |
[INFO] [stdout] 326 |     use std::io::IoResult;
[INFO] [stdout]     |         ^^^^^^^^^--------
[INFO] [stdout]     |         |        |
[INFO] [stdout]     |         |        help: a similar name exists in the module: `Result`
[INFO] [stdout]     |         no `IoResult` in `io`
[INFO] [stdout] 
[INFO] [stdout] 
[INFO] [stdout] error[E0432]: unresolved import `std::io::fs`
[INFO] [stdout]    --> src/hg.rs:327:18
[INFO] [stdout]     |
[INFO] [stdout] 327 |     use std::io::fs::{File,PathExtensions};
[INFO] [stdout]     |                  ^^ could not find `fs` in `io`
[INFO] [stdout] 
[INFO] [stdout] 
[INFO] [stdout] error[E0432]: unresolved import `std::io::fs`
[INFO] [stdout]    --> src/hg.rs:328:18
[INFO] [stdout]     |
[INFO] [stdout] 328 |     use std::io::fs::{copy,mkdir_recursive,rmdir_recursive};
[INFO] [stdout]     |                  ^^ could not find `fs` in `io`
[INFO] [stdout] 
[INFO] [stdout] 
[INFO] [stdout] error[E0432]: unresolved import `std::os::getcwd`
[INFO] [stdout]    --> src/hg.rs:329:9
[INFO] [stdout]     |
[INFO] [stdout] 329 |     use std::os::getcwd;
[INFO] [stdout]     |         ^^^^^^^^^^^^^^^ no `getcwd` in `os`
[INFO] [stdout] 
[INFO] [stdout] 
[INFO] [stdout] error[E0432]: unresolved import `std::io::process`
[INFO] [stdout]   --> src/svn.rs:13:14
[INFO] [stdout]    |
[INFO] [stdout] 13 | use std::io::process::Command;
[INFO] [stdout]    |              ^^^^^^^ could not find `process` in `io`
[INFO] [stdout] 
[INFO] [stdout] 
[INFO] [stdout] error: cannot find attribute `experimental` in this scope
[INFO] [stdout]  --> src/lib.rs:5:4
[INFO] [stdout]   |
[INFO] [stdout] 5 | #![experimental]
[INFO] [stdout]   |    ^^^^^^^^^^^^
[INFO] [stdout] 
[INFO] [stdout] 
[INFO] [stdout] error: cannot determine resolution for the derive macro `PartialEq`
[INFO] [stdout]    --> src/git.rs:140:10
[INFO] [stdout]     |
[INFO] [stdout] 140 | #[derive(PartialEq)]
[INFO] [stdout]     |          ^^^^^^^^^
[INFO] [stdout]     |
[INFO] [stdout]     = note: import resolution is stuck, try simplifying macro imports
[INFO] [stdout] 
[INFO] [stdout] 
[INFO] [stdout] error: cannot find attribute `experimental` in this scope
[INFO] [stdout]    --> src/git.rs:139:3
[INFO] [stdout]     |
[INFO] [stdout] 139 | #[experimental]
[INFO] [stdout]     |   ^^^^^^^^^^^^
[INFO] [stdout] 
[INFO] [stdout] 
[INFO] [stdout] error: cannot determine resolution for the derive macro `PartialEq`
[INFO] [stdout]    --> src/git.rs:152:10
[INFO] [stdout]     |
[INFO] [stdout] 152 | #[derive(PartialEq)]
[INFO] [stdout]     |          ^^^^^^^^^
[INFO] [stdout]     |
[INFO] [stdout]     = note: import resolution is stuck, try simplifying macro imports
[INFO] [stdout] 
[INFO] [stdout] 
[INFO] [stdout] error: cannot find attribute `experimental` in this scope
[INFO] [stdout]    --> src/git.rs:151:3
[INFO] [stdout]     |
[INFO] [stdout] 151 | #[experimental]
[INFO] [stdout]     |   ^^^^^^^^^^^^
[INFO] [stdout] 
[INFO] [stdout] 
[INFO] [stdout] error: cannot find attribute `experimental` in this scope
[INFO] [stdout]    --> src/git.rs:161:3
[INFO] [stdout]     |
[INFO] [stdout] 161 | #[experimental]
[INFO] [stdout]     |   ^^^^^^^^^^^^
[INFO] [stdout] 
[INFO] [stdout] 
[INFO] [stdout] error: cannot find attribute `experimental` in this scope
[INFO] [stdout]    --> src/git.rs:176:7
[INFO] [stdout]     |
[INFO] [stdout] 176 |     #[experimental]
[INFO] [stdout]     |       ^^^^^^^^^^^^
[INFO] [stdout] 
[INFO] [stdout] 
[INFO] [stdout] error: cannot find attribute `experimental` in this scope
[INFO] [stdout]    --> src/git.rs:198:7
[INFO] [stdout]     |
[INFO] [stdout] 198 |     #[experimental]
[INFO] [stdout]     |       ^^^^^^^^^^^^
[INFO] [stdout] 
[INFO] [stdout] 
[INFO] [stdout] error: cannot find attribute `experimental` in this scope
[INFO] [stdout]    --> src/git.rs:216:7
[INFO] [stdout]     |
[INFO] [stdout] 216 |     #[experimental]
[INFO] [stdout]     |       ^^^^^^^^^^^^
[INFO] [stdout] 
[INFO] [stdout] 
[INFO] [stdout] error: cannot find attribute `experimental` in this scope
[INFO] [stdout]    --> src/git.rs:239:7
[INFO] [stdout]     |
[INFO] [stdout] 239 |     #[experimental]
[INFO] [stdout]     |       ^^^^^^^^^^^^
[INFO] [stdout] 
[INFO] [stdout] 
[INFO] [stdout] error: cannot find attribute `experimental` in this scope
[INFO] [stdout]    --> src/git.rs:299:7
[INFO] [stdout]     |
[INFO] [stdout] 299 |     #[experimental]
[INFO] [stdout]     |       ^^^^^^^^^^^^
[INFO] [stdout] 
[INFO] [stdout] 
[INFO] [stdout] error: cannot find attribute `experimental` in this scope
[INFO] [stdout]    --> src/git.rs:310:7
[INFO] [stdout]     |
[INFO] [stdout] 310 |     #[experimental]
[INFO] [stdout]     |       ^^^^^^^^^^^^
[INFO] [stdout] 
[INFO] [stdout] 
[INFO] [stdout] error: cannot find attribute `experimental` in this scope
[INFO] [stdout]    --> src/git.rs:321:7
[INFO] [stdout]     |
[INFO] [stdout] 321 |     #[experimental]
[INFO] [stdout]     |       ^^^^^^^^^^^^
[INFO] [stdout] 
[INFO] [stdout] 
[INFO] [stdout] error: cannot find attribute `experimental` in this scope
[INFO] [stdout]    --> src/git.rs:332:7
[INFO] [stdout]     |
[INFO] [stdout] 332 |     #[experimental]
[INFO] [stdout]     |       ^^^^^^^^^^^^
[INFO] [stdout] 
[INFO] [stdout] 
[INFO] [stdout] error: cannot find attribute `experimental` in this scope
[INFO] [stdout]    --> src/git.rs:343:7
[INFO] [stdout]     |
[INFO] [stdout] 343 |     #[experimental]
[INFO] [stdout]     |       ^^^^^^^^^^^^
[INFO] [stdout] 
[INFO] [stdout] 
[INFO] [stdout] error: cannot find attribute `experimental` in this scope
[INFO] [stdout]    --> src/git.rs:354:7
[INFO] [stdout]     |
[INFO] [stdout] 354 |     #[experimental]
[INFO] [stdout]     |       ^^^^^^^^^^^^
[INFO] [stdout] 
[INFO] [stdout] 
[INFO] [stdout] error: cannot find attribute `experimental` in this scope
[INFO] [stdout]    --> src/git.rs:371:7
[INFO] [stdout]     |
[INFO] [stdout] 371 |     #[experimental]
[INFO] [stdout]     |       ^^^^^^^^^^^^
[INFO] [stdout] 
[INFO] [stdout] 
[INFO] [stdout] error: cannot find attribute `experimental` in this scope
[INFO] [stdout]    --> src/git.rs:387:7
[INFO] [stdout]     |
[INFO] [stdout] 387 |     #[experimental]
[INFO] [stdout]     |       ^^^^^^^^^^^^
[INFO] [stdout] 
[INFO] [stdout] 
[INFO] [stdout] error: cannot find attribute `experimental` in this scope
[INFO] [stdout]    --> src/git.rs:397:7
[INFO] [stdout]     |
[INFO] [stdout] 397 |     #[experimental]
[INFO] [stdout]     |       ^^^^^^^^^^^^
[INFO] [stdout] 
[INFO] [stdout] 
[INFO] [stdout] error: cannot find attribute `experimental` in this scope
[INFO] [stdout]    --> src/git.rs:407:7
[INFO] [stdout]     |
[INFO] [stdout] 407 |     #[experimental]
[INFO] [stdout]     |       ^^^^^^^^^^^^
[INFO] [stdout] 
[INFO] [stdout] 
[INFO] [stdout] error: cannot find attribute `experimental` in this scope
[INFO] [stdout]    --> src/git.rs:417:7
[INFO] [stdout]     |
[INFO] [stdout] 417 |     #[experimental]
[INFO] [stdout]     |       ^^^^^^^^^^^^
[INFO] [stdout] 
[INFO] [stdout] 
[INFO] [stdout] error: cannot find attribute `experimental` in this scope
[INFO] [stdout]    --> src/git.rs:427:7
[INFO] [stdout]     |
[INFO] [stdout] 427 |     #[experimental]
[INFO] [stdout]     |       ^^^^^^^^^^^^
[INFO] [stdout] 
[INFO] [stdout] 
[INFO] [stdout] error: cannot find attribute `experimental` in this scope
[INFO] [stdout]    --> src/git.rs:437:7
[INFO] [stdout]     |
[INFO] [stdout] 437 |     #[experimental]
[INFO] [stdout]     |       ^^^^^^^^^^^^
[INFO] [stdout] 
[INFO] [stdout] 
[INFO] [stdout] error: cannot find attribute `experimental` in this scope
[INFO] [stdout]    --> src/git.rs:447:7
[INFO] [stdout]     |
[INFO] [stdout] 447 |     #[experimental]
[INFO] [stdout]     |       ^^^^^^^^^^^^
[INFO] [stdout] 
[INFO] [stdout] 
[INFO] [stdout] error: cannot find attribute `experimental` in this scope
[INFO] [stdout]    --> src/git.rs:525:7
[INFO] [stdout]     |
[INFO] [stdout] 525 |     #[experimental]
[INFO] [stdout]     |       ^^^^^^^^^^^^
[INFO] [stdout] 
[INFO] [stdout] 
[INFO] [stdout] error: cannot determine resolution for the attribute macro `test`
[INFO] [stdout]    --> src/git.rs:608:7
[INFO] [stdout]     |
[INFO] [stdout] 608 |     #[test]
[INFO] [stdout]     |       ^^^^
[INFO] [stdout]     |
[INFO] [stdout]     = note: import resolution is stuck, try simplifying macro imports
[INFO] [stdout] 
[INFO] [stdout] 
[INFO] [stdout] error: cannot find attribute `experimental` in this scope
[INFO] [stdout]   --> src/hg.rs:98:3
[INFO] [stdout]    |
[INFO] [stdout] 98 | #[experimental]
[INFO] [stdout]    |   ^^^^^^^^^^^^
[INFO] [stdout] 
[INFO] [stdout] 
[INFO] [stdout] error: cannot find attribute `experimental` in this scope
[INFO] [stdout]    --> src/hg.rs:134:7
[INFO] [stdout]     |
[INFO] [stdout] 134 |     #[experimental]
[INFO] [stdout]     |       ^^^^^^^^^^^^
[INFO] [stdout] 
[INFO] [stdout] 
[INFO] [stdout] error: cannot find attribute `experimental` in this scope
[INFO] [stdout]    --> src/hg.rs:152:7
[INFO] [stdout]     |
[INFO] [stdout] 152 |     #[experimental]
[INFO] [stdout]     |       ^^^^^^^^^^^^
[INFO] [stdout] 
[INFO] [stdout] 
[INFO] [stdout] error: cannot find attribute `experimental` in this scope
[INFO] [stdout]    --> src/hg.rs:175:7
[INFO] [stdout]     |
[INFO] [stdout] 175 |     #[experimental]
[INFO] [stdout]     |       ^^^^^^^^^^^^
[INFO] [stdout] 
[INFO] [stdout] 
[INFO] [stdout] error: cannot find attribute `experimental` in this scope
[INFO] [stdout]    --> src/hg.rs:236:7
[INFO] [stdout]     |
[INFO] [stdout] 236 |     #[experimental]
[INFO] [stdout]     |       ^^^^^^^^^^^^
[INFO] [stdout] 
[INFO] [stdout] 
[INFO] [stdout] error: cannot find attribute `experimental` in this scope
[INFO] [stdout]    --> src/hg.rs:247:7
[INFO] [stdout]     |
[INFO] [stdout] 247 |     #[experimental]
[INFO] [stdout]     |       ^^^^^^^^^^^^
[INFO] [stdout] 
[INFO] [stdout] 
[INFO] [stdout] error: cannot find attribute `experimental` in this scope
[INFO] [stdout]    --> src/hg.rs:258:7
[INFO] [stdout]     |
[INFO] [stdout] 258 |     #[experimental]
[INFO] [stdout]     |       ^^^^^^^^^^^^
[INFO] [stdout] 
[INFO] [stdout] 
[INFO] [stdout] error: cannot find attribute `experimental` in this scope
[INFO] [stdout]    --> src/hg.rs:269:7
[INFO] [stdout]     |
[INFO] [stdout] 269 |     #[experimental]
[INFO] [stdout]     |       ^^^^^^^^^^^^
[INFO] [stdout] 
[INFO] [stdout] 
[INFO] [stdout] error: cannot find attribute `experimental` in this scope
[INFO] [stdout]    --> src/hg.rs:280:7
[INFO] [stdout]     |
[INFO] [stdout] 280 |     #[experimental]
[INFO] [stdout]     |       ^^^^^^^^^^^^
[INFO] [stdout] 
[INFO] [stdout] 
[INFO] [stdout] error: cannot find attribute `experimental` in this scope
[INFO] [stdout]    --> src/hg.rs:291:7
[INFO] [stdout]     |
[INFO] [stdout] 291 |     #[experimental]
[INFO] [stdout]     |       ^^^^^^^^^^^^
[INFO] [stdout] 
[INFO] [stdout] 
[INFO] [stdout] error: cannot find attribute `experimental` in this scope
[INFO] [stdout]    --> src/hg.rs:302:7
[INFO] [stdout]     |
[INFO] [stdout] 302 |     #[experimental]
[INFO] [stdout]     |       ^^^^^^^^^^^^
[INFO] [stdout] 
[INFO] [stdout] 
[INFO] [stdout] error: cannot find attribute `experimental` in this scope
[INFO] [stdout]    --> src/hg.rs:313:7
[INFO] [stdout]     |
[INFO] [stdout] 313 |     #[experimental]
[INFO] [stdout]     |       ^^^^^^^^^^^^
[INFO] [stdout] 
[INFO] [stdout] 
[INFO] [stdout] error: cannot determine resolution for the attribute macro `test`
[INFO] [stdout]    --> src/hg.rs:351:7
[INFO] [stdout]     |
[INFO] [stdout] 351 |     #[test]
[INFO] [stdout]     |       ^^^^
[INFO] [stdout]     |
[INFO] [stdout]     = note: import resolution is stuck, try simplifying macro imports
[INFO] [stdout] 
[INFO] [stdout] 
[INFO] [stdout] error: cannot find attribute `experimental` in this scope
[INFO] [stdout]   --> src/svn.rs:16:3
[INFO] [stdout]    |
[INFO] [stdout] 16 | #[experimental]
[INFO] [stdout]    |   ^^^^^^^^^^^^
[INFO] [stdout] 
[INFO] [stdout] 
[INFO] [stdout] error: cannot find attribute `experimental` in this scope
[INFO] [stdout]   --> src/svn.rs:52:7
[INFO] [stdout]    |
[INFO] [stdout] 52 |     #[experimental]
[INFO] [stdout]    |       ^^^^^^^^^^^^
[INFO] [stdout] 
[INFO] [stdout] 
[INFO] [stdout] error: cannot find attribute `experimental` in this scope
[INFO] [stdout]   --> src/svn.rs:70:7
[INFO] [stdout]    |
[INFO] [stdout] 70 |     #[experimental]
[INFO] [stdout]    |       ^^^^^^^^^^^^
[INFO] [stdout] 
[INFO] [stdout] 
[INFO] [stdout] error: cannot find attribute `experimental` in this scope
[INFO] [stdout]   --> src/svn.rs:93:7
[INFO] [stdout]    |
[INFO] [stdout] 93 |     #[experimental]
[INFO] [stdout]    |       ^^^^^^^^^^^^
[INFO] [stdout] 
[INFO] [stdout] 
[INFO] [stdout] error: cannot find attribute `experimental` in this scope
[INFO] [stdout]    --> src/svn.rs:178:7
[INFO] [stdout]     |
[INFO] [stdout] 178 |     #[experimental]
[INFO] [stdout]     |       ^^^^^^^^^^^^
[INFO] [stdout] 
[INFO] [stdout] 
[INFO] [stdout] error: cannot find attribute `experimental` in this scope
[INFO] [stdout]    --> src/svn.rs:189:7
[INFO] [stdout]     |
[INFO] [stdout] 189 |     #[experimental]
[INFO] [stdout]     |       ^^^^^^^^^^^^
[INFO] [stdout] 
[INFO] [stdout] 
[INFO] [stdout] error: cannot find attribute `experimental` in this scope
[INFO] [stdout]    --> src/svn.rs:200:7
[INFO] [stdout]     |
[INFO] [stdout] 200 |     #[experimental]
[INFO] [stdout]     |       ^^^^^^^^^^^^
[INFO] [stdout] 
[INFO] [stdout] 
[INFO] [stdout] error: cannot determine resolution for the attribute macro `test`
[INFO] [stdout]    --> src/svn.rs:213:7
[INFO] [stdout]     |
[INFO] [stdout] 213 |     #[test]
[INFO] [stdout]     |       ^^^^
[INFO] [stdout]     |
[INFO] [stdout]     = note: import resolution is stuck, try simplifying macro imports
[INFO] [stdout] 
[INFO] [stdout] 
[INFO] [stdout] error[E0432]: unresolved import `std::io::File`
[INFO] [stdout]    --> src/git.rs:132:5
[INFO] [stdout]     |
[INFO] [stdout] 132 | use std::io::File;
[INFO] [stdout]     |     ^^^^^^^^^^^^^ no `File` in `io`
[INFO] [stdout] 
[INFO] [stdout] 
[INFO] [stdout] error[E0432]: unresolved import `std::io::process`
[INFO] [stdout]    --> src/git.rs:133:14
[INFO] [stdout]     |
[INFO] [stdout] 133 | use std::io::process::Command;
[INFO] [stdout]     |              ^^^^^^^ could not find `process` in `io`
[INFO] [stdout] 
[INFO] [stdout] 
[INFO] [stdout] error[E0432]: unresolved import `std::os::getcwd`
[INFO] [stdout]    --> src/git.rs:134:5
[INFO] [stdout]     |
[INFO] [stdout] 134 | use std::os::getcwd;
[INFO] [stdout]     |     ^^^^^^^^^^^^^^^ no `getcwd` in `os`
[INFO] [stdout] 
[INFO] [stdout] 
[INFO] [stdout] error[E0432]: unresolved import `std::io::process`
[INFO] [stdout]   --> src/hg.rs:95:14
[INFO] [stdout]    |
[INFO] [stdout] 95 | use std::io::process::Command;
[INFO] [stdout]    |              ^^^^^^^ could not find `process` in `io`
[INFO] [stdout] 
[INFO] [stdout] 
[INFO] [stdout] error[E0432]: unresolved import `std::io::process`
[INFO] [stdout]   --> src/svn.rs:13:14
[INFO] [stdout]    |
[INFO] [stdout] 13 | use std::io::process::Command;
[INFO] [stdout]    |              ^^^^^^^ could not find `process` in `io`
[INFO] [stdout] 
[INFO] [stdout] 
[INFO] [stdout] error: cannot find attribute `experimental` in this scope
[INFO] [stdout]  --> src/lib.rs:5:4
[INFO] [stdout]   |
[INFO] [stdout] 5 | #![experimental]
[INFO] [stdout]   |    ^^^^^^^^^^^^
[INFO] [stdout] 
[INFO] [stdout] 
[INFO] [stdout] error: cannot determine resolution for the derive macro `PartialEq`
[INFO] [stdout]    --> src/git.rs:140:10
[INFO] [stdout]     |
[INFO] [stdout] 140 | #[derive(PartialEq)]
[INFO] [stdout]     |          ^^^^^^^^^
[INFO] [stdout]     |
[INFO] [stdout]     = note: import resolution is stuck, try simplifying macro imports
[INFO] [stdout] 
[INFO] [stdout] 
[INFO] [stdout] error: cannot find attribute `experimental` in this scope
[INFO] [stdout]    --> src/git.rs:139:3
[INFO] [stdout]     |
[INFO] [stdout] 139 | #[experimental]
[INFO] [stdout]     |   ^^^^^^^^^^^^
[INFO] [stdout] 
[INFO] [stdout] 
[INFO] [stdout] error: cannot determine resolution for the derive macro `PartialEq`
[INFO] [stdout]    --> src/git.rs:152:10
[INFO] [stdout]     |
[INFO] [stdout] 152 | #[derive(PartialEq)]
[INFO] [stdout]     |          ^^^^^^^^^
[INFO] [stdout]     |
[INFO] [stdout]     = note: import resolution is stuck, try simplifying macro imports
[INFO] [stdout] 
[INFO] [stdout] 
[INFO] [stdout] error: cannot find attribute `experimental` in this scope
[INFO] [stdout]    --> src/git.rs:151:3
[INFO] [stdout]     |
[INFO] [stdout] 151 | #[experimental]
[INFO] [stdout]     |   ^^^^^^^^^^^^
[INFO] [stdout] 
[INFO] [stdout] 
[INFO] [stdout] error: cannot find attribute `experimental` in this scope
[INFO] [stdout]    --> src/git.rs:161:3
[INFO] [stdout]     |
[INFO] [stdout] 161 | #[experimental]
[INFO] [stdout]     |   ^^^^^^^^^^^^
[INFO] [stdout] 
[INFO] [stdout] 
[INFO] [stdout] error: cannot find attribute `experimental` in this scope
[INFO] [stdout]    --> src/git.rs:176:7
[INFO] [stdout]     |
[INFO] [stdout] 176 |     #[experimental]
[INFO] [stdout]     |       ^^^^^^^^^^^^
[INFO] [stdout] 
[INFO] [stdout] 
[INFO] [stdout] error: cannot find attribute `experimental` in this scope
[INFO] [stdout]    --> src/git.rs:198:7
[INFO] [stdout]     |
[INFO] [stdout] 198 |     #[experimental]
[INFO] [stdout]     |       ^^^^^^^^^^^^
[INFO] [stdout] 
[INFO] [stdout] 
[INFO] [stdout] error: cannot find attribute `experimental` in this scope
[INFO] [stdout]    --> src/git.rs:216:7
[INFO] [stdout]     |
[INFO] [stdout] 216 |     #[experimental]
[INFO] [stdout]     |       ^^^^^^^^^^^^
[INFO] [stdout] 
[INFO] [stdout] 
[INFO] [stdout] error: cannot find attribute `experimental` in this scope
[INFO] [stdout]    --> src/git.rs:239:7
[INFO] [stdout]     |
[INFO] [stdout] 239 |     #[experimental]
[INFO] [stdout]     |       ^^^^^^^^^^^^
[INFO] [stdout] 
[INFO] [stdout] 
[INFO] [stdout] error: cannot find attribute `experimental` in this scope
[INFO] [stdout]    --> src/git.rs:299:7
[INFO] [stdout]     |
[INFO] [stdout] 299 |     #[experimental]
[INFO] [stdout]     |       ^^^^^^^^^^^^
[INFO] [stdout] 
[INFO] [stdout] 
[INFO] [stdout] error: cannot find attribute `experimental` in this scope
[INFO] [stdout]    --> src/git.rs:310:7
[INFO] [stdout]     |
[INFO] [stdout] 310 |     #[experimental]
[INFO] [stdout]     |       ^^^^^^^^^^^^
[INFO] [stdout] 
[INFO] [stdout] 
[INFO] [stdout] error: cannot find attribute `experimental` in this scope
[INFO] [stdout]    --> src/git.rs:321:7
[INFO] [stdout]     |
[INFO] [stdout] 321 |     #[experimental]
[INFO] [stdout]     |       ^^^^^^^^^^^^
[INFO] [stdout] 
[INFO] [stdout] 
[INFO] [stdout] error: cannot find attribute `experimental` in this scope
[INFO] [stdout]    --> src/git.rs:332:7
[INFO] [stdout]     |
[INFO] [stdout] 332 |     #[experimental]
[INFO] [stdout]     |       ^^^^^^^^^^^^
[INFO] [stdout] 
[INFO] [stdout] 
[INFO] [stdout] error: cannot find attribute `experimental` in this scope
[INFO] [stdout]    --> src/git.rs:343:7
[INFO] [stdout]     |
[INFO] [stdout] 343 |     #[experimental]
[INFO] [stdout]     |       ^^^^^^^^^^^^
[INFO] [stdout] 
[INFO] [stdout] 
[INFO] [stdout] error: cannot find attribute `experimental` in this scope
[INFO] [stdout]    --> src/git.rs:354:7
[INFO] [stdout]     |
[INFO] [stdout] 354 |     #[experimental]
[INFO] [stdout]     |       ^^^^^^^^^^^^
[INFO] [stdout] 
[INFO] [stdout] 
[INFO] [stdout] error: cannot find attribute `experimental` in this scope
[INFO] [stdout]    --> src/git.rs:371:7
[INFO] [stdout]     |
[INFO] [stdout] 371 |     #[experimental]
[INFO] [stdout]     |       ^^^^^^^^^^^^
[INFO] [stdout] 
[INFO] [stdout] 
[INFO] [stdout] error: cannot find attribute `experimental` in this scope
[INFO] [stdout]    --> src/git.rs:387:7
[INFO] [stdout]     |
[INFO] [stdout] 387 |     #[experimental]
[INFO] [stdout]     |       ^^^^^^^^^^^^
[INFO] [stdout] 
[INFO] [stdout] 
[INFO] [stdout] error: cannot find attribute `experimental` in this scope
[INFO] [stdout]    --> src/git.rs:397:7
[INFO] [stdout]     |
[INFO] [stdout] 397 |     #[experimental]
[INFO] [stdout]     |       ^^^^^^^^^^^^
[INFO] [stdout] 
[INFO] [stdout] 
[INFO] [stdout] error: cannot find attribute `experimental` in this scope
[INFO] [stdout]    --> src/git.rs:407:7
[INFO] [stdout]     |
[INFO] [stdout] 407 |     #[experimental]
[INFO] [stdout]     |       ^^^^^^^^^^^^
[INFO] [stdout] 
[INFO] [stdout] 
[INFO] [stdout] error: cannot find attribute `experimental` in this scope
[INFO] [stdout]    --> src/git.rs:417:7
[INFO] [stdout]     |
[INFO] [stdout] 417 |     #[experimental]
[INFO] [stdout]     |       ^^^^^^^^^^^^
[INFO] [stdout] 
[INFO] [stdout] 
[INFO] [stdout] error: cannot find attribute `experimental` in this scope
[INFO] [stdout]    --> src/git.rs:427:7
[INFO] [stdout]     |
[INFO] [stdout] 427 |     #[experimental]
[INFO] [stdout]     |       ^^^^^^^^^^^^
[INFO] [stdout] 
[INFO] [stdout] 
[INFO] [stdout] error: cannot find attribute `experimental` in this scope
[INFO] [stdout]    --> src/git.rs:437:7
[INFO] [stdout]     |
[INFO] [stdout] 437 |     #[experimental]
[INFO] [stdout]     |       ^^^^^^^^^^^^
[INFO] [stdout] 
[INFO] [stdout] 
[INFO] [stdout] error: cannot find attribute `experimental` in this scope
[INFO] [stdout]    --> src/git.rs:447:7
[INFO] [stdout]     |
[INFO] [stdout] 447 |     #[experimental]
[INFO] [stdout]     |       ^^^^^^^^^^^^
[INFO] [stdout] 
[INFO] [stdout] 
[INFO] [stdout] error: cannot find attribute `experimental` in this scope
[INFO] [stdout]    --> src/git.rs:525:7
[INFO] [stdout]     |
[INFO] [stdout] 525 |     #[experimental]
[INFO] [stdout]     |       ^^^^^^^^^^^^
[INFO] [stdout] 
[INFO] [stdout] 
[INFO] [stdout] error: cannot find attribute `experimental` in this scope
[INFO] [stdout]   --> src/hg.rs:98:3
[INFO] [stdout]    |
[INFO] [stdout] 98 | #[experimental]
[INFO] [stdout]    |   ^^^^^^^^^^^^
[INFO] [stdout] 
[INFO] [stdout] 
[INFO] [stdout] error: cannot find attribute `experimental` in this scope
[INFO] [stdout]    --> src/hg.rs:134:7
[INFO] [stdout]     |
[INFO] [stdout] 134 |     #[experimental]
[INFO] [stdout]     |       ^^^^^^^^^^^^
[INFO] [stdout] 
[INFO] [stdout] 
[INFO] [stdout] error: cannot find attribute `experimental` in this scope
[INFO] [stdout]    --> src/hg.rs:152:7
[INFO] [stdout]     |
[INFO] [stdout] 152 |     #[experimental]
[INFO] [stdout]     |       ^^^^^^^^^^^^
[INFO] [stdout] 
[INFO] [stdout] 
[INFO] [stdout] error: cannot find attribute `experimental` in this scope
[INFO] [stdout]    --> src/hg.rs:175:7
[INFO] [stdout]     |
[INFO] [stdout] 175 |     #[experimental]
[INFO] [stdout]     |       ^^^^^^^^^^^^
[INFO] [stdout] 
[INFO] [stdout] 
[INFO] [stdout] error[E0412]: cannot find type `Path` in this scope
[INFO] [stdout]    --> src/git.rs:163:16
[INFO] [stdout]     |
[INFO] [stdout] 163 |     wd: Option<Path>,
[INFO] [stdout]     |                ^^^^ not found in this scope
[INFO] [stdout]     |
[INFO] [stdout] help: consider importing this struct
[INFO] [stdout]     |
[INFO] [stdout] 130 | use std::path::Path;
[INFO] [stdout]     |
[INFO] [stdout] 
[INFO] [stdout] 
[INFO] [stdout] error: cannot find attribute `experimental` in this scope
[INFO] [stdout]    --> src/hg.rs:236:7
[INFO] [stdout]     |
[INFO] [stdout] 236 |     #[experimental]
[INFO] [stdout]     |       ^^^^^^^^^^^^
[INFO] [stdout] 
[INFO] [stdout] 
[INFO] [stdout] error[E0412]: cannot find type `Path` in this scope
[INFO] [stdout]    --> src/git.rs:199:30
[INFO] [stdout]     |
[INFO] [stdout] 199 |     pub fn wd(&mut self, wd: Path) -> &mut GitCommand {
[INFO] [stdout]     |                              ^^^^ not found in this scope
[INFO] [stdout]     |
[INFO] [stdout] help: consider importing this struct
[INFO] [stdout]     |
[INFO] [stdout] 130 | use std::path::Path;
[INFO] [stdout]     |
[INFO] [stdout] 
[INFO] [stdout] 
[INFO] [stdout] error: cannot find attribute `experimental` in this scope
[INFO] [stdout]    --> src/hg.rs:247:7
[INFO] [stdout]     |
[INFO] [stdout] 247 |     #[experimental]
[INFO] [stdout]     |       ^^^^^^^^^^^^
[INFO] [stdout] 
[INFO] [stdout] 
[INFO] [stdout] error[E0412]: cannot find type `Path` in this scope
[INFO] [stdout]    --> src/git.rs:578:21
[INFO] [stdout]     |
[INFO] [stdout] 578 |     fn touch(path: &Path) -> IoResult<()> {
[INFO] [stdout]     |                     ^^^^ not found in this scope
[INFO] [stdout]     |
[INFO] [stdout] help: consider importing this struct
[INFO] [stdout]     |
[INFO] [stdout] 571 |     use std::path::Path;
[INFO] [stdout]     |
[INFO] [stdout] 
[INFO] [stdout] 
[INFO] [stdout] error[E0433]: failed to resolve: use of undeclared type or module `Path`
[INFO] [stdout]    --> src/git.rs:611:19
[INFO] [stdout]     |
[INFO] [stdout] 611 |         let tmp = Path::new("/tmp");
[INFO] [stdout]     |                   ^^^^ not found in this scope
[INFO] [stdout]     |
[INFO] [stdout] help: consider importing this struct
[INFO] [stdout]     |
[INFO] [stdout] 571 |     use std::path::Path;
[INFO] [stdout]     |
[INFO] [stdout] 
[INFO] [stdout] 
[INFO] [stdout] error: cannot find attribute `experimental` in this scope
[INFO] [stdout]    --> src/hg.rs:258:7
[INFO] [stdout]     |
[INFO] [stdout] 258 |     #[experimental]
[INFO] [stdout]     |       ^^^^^^^^^^^^
[INFO] [stdout] 
[INFO] [stdout] 
[INFO] [stdout] error[E0433]: failed to resolve: use of undeclared type or module `Path`
[INFO] [stdout]    --> src/git.rs:628:18
[INFO] [stdout]     |
[INFO] [stdout] 628 |         let pt = Path::new("/tmp/pulltest");
[INFO] [stdout]     |                  ^^^^ not found in this scope
[INFO] [stdout]     |
[INFO] [stdout] help: consider importing this struct
[INFO] [stdout]     |
[INFO] [stdout] 571 |     use std::path::Path;
[INFO] [stdout]     |
[INFO] [stdout] 
[INFO] [stdout] 
[INFO] [stdout] error[E0425]: cannot find value `USER_RWX` in module `io`
[INFO] [stdout]    --> src/git.rs:629:53
[INFO] [stdout]     |
[INFO] [stdout] 629 |         assert_eq!(Ok(()), mkdir_recursive(&pt, io::USER_RWX));
[INFO] [stdout]     |                                                     ^^^^^^^^ not found in `io`
[INFO] [stdout] 
[INFO] [stdout] 
[INFO] [stdout] error: cannot find attribute `experimental` in this scope
[INFO] [stdout]    --> src/hg.rs:269:7
[INFO] [stdout]     |
[INFO] [stdout] 269 |     #[experimental]
[INFO] [stdout]     |       ^^^^^^^^^^^^
[INFO] [stdout] 
[INFO] [stdout] 
[INFO] [stdout] error[E0433]: failed to resolve: use of undeclared type or module `Path`
[INFO] [stdout]    --> src/git.rs:632:17
[INFO] [stdout]     |
[INFO] [stdout] 632 |         gcmd.wd(Path::new("/tmp/pulltest"));
[INFO] [stdout]     |                 ^^^^ not found in this scope
[INFO] [stdout]     |
[INFO] [stdout] help: consider importing this struct
[INFO] [stdout]     |
[INFO] [stdout] 571 |     use std::path::Path;
[INFO] [stdout]     |
[INFO] [stdout] 
[INFO] [stdout] 
[INFO] [stdout] error: cannot find attribute `experimental` in this scope
[INFO] [stdout]    --> src/hg.rs:280:7
[INFO] [stdout]     |
[INFO] [stdout] 280 |     #[experimental]
[INFO] [stdout]     |       ^^^^^^^^^^^^
[INFO] [stdout] 
[INFO] [stdout] 
[INFO] [stdout] error[E0433]: failed to resolve: use of undeclared type or module `Path`
[INFO] [stdout]    --> src/git.rs:666:17
[INFO] [stdout]     |
[INFO] [stdout] 666 |         gcmd.wd(Path::new("/tmp/pulltest"));
[INFO] [stdout]     |                 ^^^^ not found in this scope
[INFO] [stdout]     |
[INFO] [stdout] help: consider importing this struct
[INFO] [stdout]     |
[INFO] [stdout] 571 |     use std::path::Path;
[INFO] [stdout]     |
[INFO] [stdout] 
[INFO] [stdout] 
[INFO] [stdout] error: cannot find attribute `experimental` in this scope
[INFO] [stdout]    --> src/hg.rs:291:7
[INFO] [stdout]     |
[INFO] [stdout] 291 |     #[experimental]
[INFO] [stdout]     |       ^^^^^^^^^^^^
[INFO] [stdout] 
[INFO] [stdout] 
[INFO] [stdout] error[E0433]: failed to resolve: use of undeclared type or module `Path`
[INFO] [stdout]    --> src/git.rs:670:17
[INFO] [stdout]     |
[INFO] [stdout] 670 |         gcmd.wd(Path::new("/tmp"));
[INFO] [stdout]     |                 ^^^^ not found in this scope
[INFO] [stdout]     |
[INFO] [stdout] help: consider importing this struct
[INFO] [stdout]     |
[INFO] [stdout] 571 |     use std::path::Path;
[INFO] [stdout]     |
[INFO] [stdout] 
[INFO] [stdout] 
[INFO] [stdout] error[E0433]: failed to resolve: use of undeclared type or module `Path`
[INFO] [stdout]    --> src/git.rs:672:17
[INFO] [stdout]     |
[INFO] [stdout] 672 |         gcmd.wd(Path::new("/tmp/pulltest1"));
[INFO] [stdout]     |                 ^^^^ not found in this scope
[INFO] [stdout]     |
[INFO] [stdout] help: consider importing this struct
[INFO] [stdout]     |
[INFO] [stdout] 571 |     use std::path::Path;
[INFO] [stdout]     |
[INFO] [stdout] 
[INFO] [stdout] 
[INFO] [stdout] error: cannot find attribute `experimental` in this scope
[INFO] [stdout]    --> src/hg.rs:302:7
[INFO] [stdout]     |
[INFO] [stdout] 302 |     #[experimental]
[INFO] [stdout]     |       ^^^^^^^^^^^^
[INFO] [stdout] 
[INFO] [stdout] 
[INFO] [stdout] error[E0433]: failed to resolve: use of undeclared type or module `Path`
[INFO] [stdout]    --> src/git.rs:678:19
[INFO] [stdout]     |
[INFO] [stdout] 678 |         let tmp = Path::new("/tmp");
[INFO] [stdout]     |                   ^^^^ not found in this scope
[INFO] [stdout]     |
[INFO] [stdout] help: consider importing this struct
[INFO] [stdout]     |
[INFO] [stdout] 571 |     use std::path::Path;
[INFO] [stdout]     |
[INFO] [stdout] 
[INFO] [stdout] 
[INFO] [stdout] error: cannot find attribute `experimental` in this scope
[INFO] [stdout]    --> src/hg.rs:313:7
[INFO] [stdout]     |
[INFO] [stdout] 313 |     #[experimental]
[INFO] [stdout]     |       ^^^^^^^^^^^^
[INFO] [stdout] 
[INFO] [stdout] 
[INFO] [stdout] error[E0412]: cannot find type `Path` in this scope
[INFO] [stdout]    --> src/hg.rs:100:16
[INFO] [stdout]     |
[INFO] [stdout] 100 |     wd: Option<Path>,
[INFO] [stdout]     |                ^^^^ not found in this scope
[INFO] [stdout]     |
[INFO] [stdout] help: consider importing this struct
[INFO] [stdout]     |
[INFO] [stdout] 94  | use std::path::Path;
[INFO] [stdout]     |
[INFO] [stdout] 
[INFO] [stdout] 
[INFO] [stdout] error: cannot find attribute `experimental` in this scope
[INFO] [stdout]   --> src/svn.rs:16:3
[INFO] [stdout]    |
[INFO] [stdout] 16 | #[experimental]
[INFO] [stdout]    |   ^^^^^^^^^^^^
[INFO] [stdout] 
[INFO] [stdout] 
[INFO] [stdout] error[E0412]: cannot find type `Path` in this scope
[INFO] [stdout]    --> src/hg.rs:135:30
[INFO] [stdout]     |
[INFO] [stdout] 135 |     pub fn wd(&mut self, wd: Path) -> &mut HgCommand {
[INFO] [stdout]     |                              ^^^^ not found in this scope
[INFO] [stdout]     |
[INFO] [stdout] help: consider importing this struct
[INFO] [stdout]     |
[INFO] [stdout] 94  | use std::path::Path;
[INFO] [stdout]     |
[INFO] [stdout] 
[INFO] [stdout] 
[INFO] [stdout] error: cannot find attribute `experimental` in this scope
[INFO] [stdout]   --> src/svn.rs:52:7
[INFO] [stdout]    |
[INFO] [stdout] 52 |     #[experimental]
[INFO] [stdout]    |       ^^^^^^^^^^^^
[INFO] [stdout] 
[INFO] [stdout] 
[INFO] [stdout] error: cannot find attribute `experimental` in this scope
[INFO] [stdout]   --> src/svn.rs:70:7
[INFO] [stdout]    |
[INFO] [stdout] 70 |     #[experimental]
[INFO] [stdout]    |       ^^^^^^^^^^^^
[INFO] [stdout] 
[INFO] [stdout] 
[INFO] [stdout] error[E0412]: cannot find type `Path` in this scope
[INFO] [stdout]    --> src/hg.rs:331:21
[INFO] [stdout]     |
[INFO] [stdout] 331 |     fn touch(path: &Path) -> IoResult<()> {
[INFO] [stdout]     |                     ^^^^ not found in this scope
[INFO] [stdout]     |
[INFO] [stdout] help: consider importing this struct
[INFO] [stdout]     |
[INFO] [stdout] 323 |     use std::path::Path;
[INFO] [stdout]     |
[INFO] [stdout] 
[INFO] [stdout] 
[INFO] [stdout] error[E0433]: failed to resolve: use of undeclared type or module `Path`
[INFO] [stdout]    --> src/hg.rs:354:19
[INFO] [stdout]     |
[INFO] [stdout] 354 |         let tmp = Path::new("/tmp");
[INFO] [stdout]     |                   ^^^^ not found in this scope
[INFO] [stdout]     |
[INFO] [stdout] help: consider importing this struct
[INFO] [stdout]     |
[INFO] [stdout] 323 |     use std::path::Path;
[INFO] [stdout]     |
[INFO] [stdout] 
[INFO] [stdout] 
[INFO] [stdout] error: cannot find attribute `experimental` in this scope
[INFO] [stdout]   --> src/svn.rs:93:7
[INFO] [stdout]    |
[INFO] [stdout] 93 |     #[experimental]
[INFO] [stdout]    |       ^^^^^^^^^^^^
[INFO] [stdout] 
[INFO] [stdout] 
[INFO] [stdout] error[E0433]: failed to resolve: use of undeclared type or module `Path`
[INFO] [stdout]    --> src/hg.rs:368:18
[INFO] [stdout]     |
[INFO] [stdout] 368 |         let pt = Path::new("/tmp/hgtest");
[INFO] [stdout]     |                  ^^^^ not found in this scope
[INFO] [stdout]     |
[INFO] [stdout] help: consider importing this struct
[INFO] [stdout]     |
[INFO] [stdout] 323 |     use std::path::Path;
[INFO] [stdout]     |
[INFO] [stdout] 
[INFO] [stdout] 
[INFO] [stdout] error: cannot find attribute `experimental` in this scope
[INFO] [stdout]    --> src/svn.rs:178:7
[INFO] [stdout]     |
[INFO] [stdout] 178 |     #[experimental]
[INFO] [stdout]     |       ^^^^^^^^^^^^
[INFO] [stdout] 
[INFO] [stdout] 
[INFO] [stdout] error[E0425]: cannot find value `USER_RWX` in module `io`
[INFO] [stdout]    --> src/hg.rs:369:53
[INFO] [stdout]     |
[INFO] [stdout] 369 |         assert_eq!(Ok(()), mkdir_recursive(&pt, io::USER_RWX));
[INFO] [stdout]     |                                                     ^^^^^^^^ not found in `io`
[INFO] [stdout] 
[INFO] [stdout] 
[INFO] [stdout] error: cannot find attribute `experimental` in this scope
[INFO] [stdout]    --> src/svn.rs:189:7
[INFO] [stdout]     |
[INFO] [stdout] 189 |     #[experimental]
[INFO] [stdout]     |       ^^^^^^^^^^^^
[INFO] [stdout] 
[INFO] [stdout] 
[INFO] [stdout] error[E0433]: failed to resolve: use of undeclared type or module `Path`
[INFO] [stdout]    --> src/hg.rs:398:19
[INFO] [stdout]     |
[INFO] [stdout] 398 |         let tmp = Path::new("/tmp");
[INFO] [stdout]     |                   ^^^^ not found in this scope
[INFO] [stdout]     |
[INFO] [stdout] help: consider importing this struct
[INFO] [stdout]     |
[INFO] [stdout] 323 |     use std::path::Path;
[INFO] [stdout]     |
[INFO] [stdout] 
[INFO] [stdout] 
[INFO] [stdout] error: cannot find attribute `experimental` in this scope
[INFO] [stdout]    --> src/svn.rs:200:7
[INFO] [stdout]     |
[INFO] [stdout] 200 |     #[experimental]
[INFO] [stdout]     |       ^^^^^^^^^^^^
[INFO] [stdout] 
[INFO] [stdout] 
[INFO] [stdout] error[E0412]: cannot find type `Path` in this scope
[INFO] [stdout]   --> src/svn.rs:18:16
[INFO] [stdout]    |
[INFO] [stdout] 18 |     wd: Option<Path>,
[INFO] [stdout]    |                ^^^^ not found in this scope
[INFO] [stdout]    |
[INFO] [stdout] help: consider importing this struct
[INFO] [stdout]    |
[INFO] [stdout] 12 | use std::path::Path;
[INFO] [stdout]    |
[INFO] [stdout] 
[INFO] [stdout] 
[INFO] [stdout] error[E0412]: cannot find type `Path` in this scope
[INFO] [stdout]   --> src/svn.rs:53:30
[INFO] [stdout]    |
[INFO] [stdout] 53 |     pub fn wd(&mut self, wd: Path) -> &mut SvnCommand {
[INFO] [stdout]    |                              ^^^^ not found in this scope
[INFO] [stdout]    |
[INFO] [stdout] help: consider importing this struct
[INFO] [stdout]    |
[INFO] [stdout] 12 | use std::path::Path;
[INFO] [stdout]    |
[INFO] [stdout] 
[INFO] [stdout] 
[INFO] [stdout] warning: unused imports: `Heads`, `Tags`
[INFO] [stdout]    --> src/git.rs:136:21
[INFO] [stdout]     |
[INFO] [stdout] 136 | use self::RefType::{Heads,Tags};
[INFO] [stdout]     |                     ^^^^^ ^^^^
[INFO] [stdout]     |
[INFO] [stdout]     = note: `#[warn(unused_imports)]` on by default
[INFO] [stdout] 
[INFO] [stdout] 
[INFO] [stdout] warning: unnecessary trailing semicolon
[INFO] [stdout]    --> src/git.rs:277:32
[INFO] [stdout]     |
[INFO] [stdout] 277 |             None          => { ; },
[INFO] [stdout]     |                                ^ help: remove this semicolon
[INFO] [stdout]     |
[INFO] [stdout]     = note: `#[warn(redundant_semicolons)]` on by default
[INFO] [stdout] 
[INFO] [stdout] 
[INFO] [stdout] warning: unnecessary trailing semicolon
[INFO] [stdout]    --> src/git.rs:288:26
[INFO] [stdout]     |
[INFO] [stdout] 288 |             None    => { ; },
[INFO] [stdout]     |                          ^ help: remove this semicolon
[INFO] [stdout] 
[INFO] [stdout] 
[INFO] [stdout] warning: unnecessary trailing semicolon
[INFO] [stdout]    --> src/hg.rs:214:32
[INFO] [stdout]     |
[INFO] [stdout] 214 |             None          => { ; },
[INFO] [stdout]     |                                ^ help: remove this semicolon
[INFO] [stdout] 
[INFO] [stdout] 
[INFO] [stdout] warning: unnecessary trailing semicolon
[INFO] [stdout]    --> src/hg.rs:225:26
[INFO] [stdout]     |
[INFO] [stdout] 225 |             None    => { ; },
[INFO] [stdout]     |                          ^ help: remove this semicolon
[INFO] [stdout] 
[INFO] [stdout] 
[INFO] [stdout] warning: unnecessary trailing semicolon
[INFO] [stdout]    --> src/svn.rs:131:32
[INFO] [stdout]     |
[INFO] [stdout] 131 |             None          => { ; },
[INFO] [stdout]     |                                ^ help: remove this semicolon
[INFO] [stdout] 
[INFO] [stdout] 
[INFO] [stdout] warning: unnecessary trailing semicolon
[INFO] [stdout]    --> src/svn.rs:142:26
[INFO] [stdout]     |
[INFO] [stdout] 142 |             None    => { ; },
[INFO] [stdout]     |                          ^ help: remove this semicolon
[INFO] [stdout] 
[INFO] [stdout] 
[INFO] [stdout] warning: unnecessary trailing semicolon
[INFO] [stdout]    --> src/svn.rs:156:32
[INFO] [stdout]     |
[INFO] [stdout] 156 |             None          => { ; },
[INFO] [stdout]     |                                ^ help: remove this semicolon
[INFO] [stdout] 
[INFO] [stdout] 
[INFO] [stdout] warning: unnecessary trailing semicolon
[INFO] [stdout]    --> src/svn.rs:167:26
[INFO] [stdout]     |
[INFO] [stdout] 167 |             None    => { ; },
[INFO] [stdout]     |                          ^ help: remove this semicolon
[INFO] [stdout] 
[INFO] [stdout] 
[INFO] [stdout] error[E0412]: cannot find type `Path` in this scope
[INFO] [stdout]    --> src/git.rs:163:16
[INFO] [stdout]     |
[INFO] [stdout] 163 |     wd: Option<Path>,
[INFO] [stdout]     |                ^^^^ not found in this scope
[INFO] [stdout]     |
[INFO] [stdout] help: consider importing this struct
[INFO] [stdout]     |
[INFO] [stdout] 130 | use std::path::Path;
[INFO] [stdout]     |
[INFO] [stdout] 
[INFO] [stdout] 
[INFO] [stdout] error[E0412]: cannot find type `Path` in this scope
[INFO] [stdout]    --> src/git.rs:199:30
[INFO] [stdout]     |
[INFO] [stdout] 199 |     pub fn wd(&mut self, wd: Path) -> &mut GitCommand {
[INFO] [stdout]     |                              ^^^^ not found in this scope
[INFO] [stdout]     |
[INFO] [stdout] help: consider importing this struct
[INFO] [stdout]     |
[INFO] [stdout] 130 | use std::path::Path;
[INFO] [stdout]     |
[INFO] [stdout] 
[INFO] [stdout] 
[INFO] [stdout] error[E0412]: cannot find type `Path` in this scope
[INFO] [stdout]    --> src/hg.rs:100:16
[INFO] [stdout]     |
[INFO] [stdout] 100 |     wd: Option<Path>,
[INFO] [stdout]     |                ^^^^ not found in this scope
[INFO] [stdout]     |
[INFO] [stdout] help: consider importing this struct
[INFO] [stdout]     |
[INFO] [stdout] 94  | use std::path::Path;
[INFO] [stdout]     |
[INFO] [stdout] 
[INFO] [stdout] 
[INFO] [stdout] error[E0412]: cannot find type `Path` in this scope
[INFO] [stdout]    --> src/hg.rs:135:30
[INFO] [stdout]     |
[INFO] [stdout] 135 |     pub fn wd(&mut self, wd: Path) -> &mut HgCommand {
[INFO] [stdout]     |                              ^^^^ not found in this scope
[INFO] [stdout]     |
[INFO] [stdout] help: consider importing this struct
[INFO] [stdout]     |
[INFO] [stdout] 94  | use std::path::Path;
[INFO] [stdout]     |
[INFO] [stdout] 
[INFO] [stdout] 
[INFO] [stdout] error[E0412]: cannot find type `Path` in this scope
[INFO] [stdout]   --> src/svn.rs:18:16
[INFO] [stdout]    |
[INFO] [stdout] 18 |     wd: Option<Path>,
[INFO] [stdout]    |                ^^^^ not found in this scope
[INFO] [stdout]    |
[INFO] [stdout] help: consider importing this struct
[INFO] [stdout]    |
[INFO] [stdout] 12 | use std::path::Path;
[INFO] [stdout]    |
[INFO] [stdout] 
[INFO] [stdout] 
[INFO] [stdout] error[E0412]: cannot find type `Path` in this scope
[INFO] [stdout]   --> src/svn.rs:53:30
[INFO] [stdout]    |
[INFO] [stdout] 53 |     pub fn wd(&mut self, wd: Path) -> &mut SvnCommand {
[INFO] [stdout]    |                              ^^^^ not found in this scope
[INFO] [stdout]    |
[INFO] [stdout] help: consider importing this struct
[INFO] [stdout]    |
[INFO] [stdout] 12 | use std::path::Path;
[INFO] [stdout]    |
[INFO] [stdout] 
[INFO] [stdout] 
[INFO] [stdout] warning: unused imports: `Heads`, `Tags`
[INFO] [stdout]    --> src/git.rs:136:21
[INFO] [stdout]     |
[INFO] [stdout] 136 | use self::RefType::{Heads,Tags};
[INFO] [stdout]     |                     ^^^^^ ^^^^
[INFO] [stdout]     |
[INFO] [stdout]     = note: `#[warn(unused_imports)]` on by default
[INFO] [stdout] 
[INFO] [stdout] 
[INFO] [stdout] warning: unnecessary trailing semicolon
[INFO] [stdout]    --> src/git.rs:277:32
[INFO] [stdout]     |
[INFO] [stdout] 277 |             None          => { ; },
[INFO] [stdout]     |                                ^ help: remove this semicolon
[INFO] [stdout]     |
[INFO] [stdout]     = note: `#[warn(redundant_semicolons)]` on by default
[INFO] [stdout] 
[INFO] [stdout] 
[INFO] [stdout] warning: unnecessary trailing semicolon
[INFO] [stdout]    --> src/git.rs:288:26
[INFO] [stdout]     |
[INFO] [stdout] 288 |             None    => { ; },
[INFO] [stdout]     |                          ^ help: remove this semicolon
[INFO] [stdout] 
[INFO] [stdout] 
[INFO] [stdout] warning: unnecessary trailing semicolon
[INFO] [stdout]    --> src/hg.rs:214:32
[INFO] [stdout]     |
[INFO] [stdout] 214 |             None          => { ; },
[INFO] [stdout]     |                                ^ help: remove this semicolon
[INFO] [stdout] 
[INFO] [stdout] 
[INFO] [stdout] warning: unnecessary trailing semicolon
[INFO] [stdout]    --> src/hg.rs:225:26
[INFO] [stdout]     |
[INFO] [stdout] 225 |             None    => { ; },
[INFO] [stdout]     |                          ^ help: remove this semicolon
[INFO] [stdout] 
[INFO] [stdout] 
[INFO] [stdout] warning: unnecessary trailing semicolon
[INFO] [stdout]    --> src/svn.rs:131:32
[INFO] [stdout]     |
[INFO] [stdout] 131 |             None          => { ; },
[INFO] [stdout]     |                                ^ help: remove this semicolon
[INFO] [stdout] 
[INFO] [stdout] 
[INFO] [stdout] error[E0282]: type annotations needed
[INFO] [stdout]    --> src/git.rs:178:25
[INFO] [stdout]     |
[INFO] [stdout] 178 |         GitCommand{ wd: None, env: Vec::new(), verbose: false }
[INFO] [stdout]     |                         ^^^^ cannot infer type for type parameter `T` declared on the enum `Option`
[INFO] [stdout] 
[INFO] [stdout] 
[INFO] [stdout] warning: unnecessary trailing semicolon
[INFO] [stdout]    --> src/svn.rs:142:26
[INFO] [stdout]     |
[INFO] [stdout] 142 |             None    => { ; },
[INFO] [stdout]     |                          ^ help: remove this semicolon
[INFO] [stdout] 
[INFO] [stdout] 
[INFO] [stdout] warning: unnecessary trailing semicolon
[INFO] [stdout]    --> src/svn.rs:156:32
[INFO] [stdout]     |
[INFO] [stdout] 156 |             None          => { ; },
[INFO] [stdout]     |                                ^ help: remove this semicolon
[INFO] [stdout] 
[INFO] [stdout] 
[INFO] [stdout] warning: unnecessary trailing semicolon
[INFO] [stdout]    --> src/svn.rs:167:26
[INFO] [stdout]     |
[INFO] [stdout] 167 |             None    => { ; },
[INFO] [stdout]     |                          ^ help: remove this semicolon
[INFO] [stdout] 
[INFO] [stdout] 
[INFO] [stdout] error[E0282]: type annotations needed
[INFO] [stdout]    --> src/git.rs:178:25
[INFO] [stdout]     |
[INFO] [stdout] 178 |         GitCommand{ wd: None, env: Vec::new(), verbose: false }
[INFO] [stdout]     |                         ^^^^ cannot infer type for type parameter `T` declared on the enum `Option`
[INFO] [stdout] 
[INFO] [stdout] 
[INFO] [stdout] error[E0599]: no method named `as_slice` found for reference `&String` in the current scope
[INFO] [stdout]    --> src/git.rs:281:23
[INFO] [stdout]     |
[INFO] [stdout] 281 |             cmd.env(k.as_slice(), v.as_slice());
[INFO] [stdout]     |                       ^^^^^^^^ method not found in `&String`
[INFO] [stdout] 
[INFO] [stdout] 
[INFO] [stdout] error[E0599]: no method named `as_slice` found for reference `&String` in the current scope
[INFO] [stdout]    --> src/git.rs:281:37
[INFO] [stdout]     |
[INFO] [stdout] 281 |             cmd.env(k.as_slice(), v.as_slice());
[INFO] [stdout]     |                                     ^^^^^^^^ method not found in `&String`
[INFO] [stdout] 
[INFO] [stdout] 
[INFO] [stdout] error[E0369]: binary operation `==` cannot be applied to type `RefType`
[INFO] [stdout]    --> src/git.rs:479:16
[INFO] [stdout]     |
[INFO] [stdout] 479 |         if *rt == RefType::Heads {
[INFO] [stdout]     |            --- ^^ -------------- RefType
[INFO] [stdout]     |            |
[INFO] [stdout]     |            RefType
[INFO] [stdout]     |
[INFO] [stdout]     = note: an implementation of `std::cmp::PartialEq` might be missing for `RefType`
[INFO] [stdout] 
[INFO] [stdout] 
[INFO] [stdout] error[E0369]: binary operation `==` cannot be applied to type `HeadType`
[INFO] [stdout]    --> src/git.rs:529:39
[INFO] [stdout]     |
[INFO] [stdout] 529 |                 if !(self.head_type() == NamedBranch(branch.to_string())) {
[INFO] [stdout]     |                      ---------------- ^^ ------------------------------- HeadType
[INFO] [stdout]     |                      |
[INFO] [stdout]     |                      HeadType
[INFO] [stdout]     |
[INFO] [stdout]     = note: an implementation of `std::cmp::PartialEq` might be missing for `HeadType`
[INFO] [stdout] 
[INFO] [stdout] 
[INFO] [stdout] error[E0599]: no method named `as_slice` found for reference `&String` in the current scope
[INFO] [stdout]    --> src/git.rs:281:23
[INFO] [stdout]     |
[INFO] [stdout] 281 |             cmd.env(k.as_slice(), v.as_slice());
[INFO] [stdout]     |                       ^^^^^^^^ method not found in `&String`
[INFO] [stdout] 
[INFO] [stdout] 
[INFO] [stdout] error[E0369]: binary operation `==` cannot be applied to type `HeadType`
[INFO] [stdout]    --> src/git.rs:541:51
[INFO] [stdout]     |
[INFO] [stdout] 541 | ...                   if !(self.head_type() == Detached) {
[INFO] [stdout]     |                            ---------------- ^^ -------- HeadType
[INFO] [stdout]     |                            |
[INFO] [stdout]     |                            HeadType
[INFO] [stdout]     |
[INFO] [stdout]     = note: an implementation of `std::cmp::PartialEq` might be missing for `HeadType`
[INFO] [stdout] 
[INFO] [stdout] 
[INFO] [stdout] error[E0599]: no function or associated item named `from_str` found for struct `String` in the current scope
[INFO] [stdout]    --> src/git.rs:587:31
[INFO] [stdout]     |
[INFO] [stdout] 587 |         let mut dir = String::from_str("/tmp/");
[INFO] [stdout]     |                               ^^^^^^^^ function or associated item not found in `String`
[INFO] [stdout]     |
[INFO] [stdout]     = help: items from traits can only be used if the trait is in scope
[INFO] [stdout]     = note: the following trait is implemented but not in scope; perhaps add a `use` for it:
[INFO] [stdout]             `use std::str::FromStr;`
[INFO] [stdout] 
[INFO] [stdout] 
[INFO] [stdout] error[E0599]: no method named `as_slice` found for reference `&String` in the current scope
[INFO] [stdout]    --> src/git.rs:281:37
[INFO] [stdout]     |
[INFO] [stdout] 281 |             cmd.env(k.as_slice(), v.as_slice());
[INFO] [stdout]     |                                     ^^^^^^^^ method not found in `&String`
[INFO] [stdout] 
[INFO] [stdout] 
[INFO] [stdout] error[E0369]: binary operation `==` cannot be applied to type `RefType`
[INFO] [stdout]    --> src/git.rs:479:16
[INFO] [stdout]     |
[INFO] [stdout] 479 |         if *rt == RefType::Heads {
[INFO] [stdout]     |            --- ^^ -------------- RefType
[INFO] [stdout]     |            |
[INFO] [stdout]     |            RefType
[INFO] [stdout]     |
[INFO] [stdout]     = note: an implementation of `std::cmp::PartialEq` might be missing for `RefType`
[INFO] [stdout] 
[INFO] [stdout] 
[INFO] [stdout] error[E0599]: no method named `as_slice` found for struct `String` in the current scope
[INFO] [stdout]    --> src/git.rs:595:44
[INFO] [stdout]     |
[INFO] [stdout] 595 |         gcmd.init(Some(vec!["--bare", repo.as_slice()]), to_res())
[INFO] [stdout]     |                                            ^^^^^^^^ method not found in `String`
[INFO] [stdout] 
[INFO] [stdout] 
[INFO] [stdout] error[E0369]: binary operation `==` cannot be applied to type `HeadType`
[INFO] [stdout]    --> src/git.rs:529:39
[INFO] [stdout]     |
[INFO] [stdout] 529 |                 if !(self.head_type() == NamedBranch(branch.to_string())) {
[INFO] [stdout]     |                      ---------------- ^^ ------------------------------- HeadType
[INFO] [stdout]     |                      |
[INFO] [stdout]     |                      HeadType
[INFO] [stdout]     |
[INFO] [stdout]     = note: an implementation of `std::cmp::PartialEq` might be missing for `HeadType`
[INFO] [stdout] 
[INFO] [stdout] 
[INFO] [stdout] error[E0599]: no method named `as_slice` found for struct `String` in the current scope
[INFO] [stdout]    --> src/git.rs:605:35
[INFO] [stdout]     |
[INFO] [stdout] 605 |         gcmd.clone(Some(vec![repo.as_slice(), name]), to_res())
[INFO] [stdout]     |                                   ^^^^^^^^ method not found in `String`
[INFO] [stdout] 
[INFO] [stdout] 
[INFO] [stdout] error[E0369]: binary operation `==` cannot be applied to type `HeadType`
[INFO] [stdout]    --> src/git.rs:541:51
[INFO] [stdout]     |
[INFO] [stdout] 541 | ...                   if !(self.head_type() == Detached) {
[INFO] [stdout]     |                            ---------------- ^^ -------- HeadType
[INFO] [stdout]     |                            |
[INFO] [stdout]     |                            HeadType
[INFO] [stdout]     |
[INFO] [stdout]     = note: an implementation of `std::cmp::PartialEq` might be missing for `HeadType`
[INFO] [stdout] 
[INFO] [stdout] 
[INFO] [stdout] error[E0282]: type annotations needed
[INFO] [stdout]    --> src/hg.rs:114:24
[INFO] [stdout]     |
[INFO] [stdout] 114 |         HgCommand{ wd: None, env: Vec::new(), verbose: false }
[INFO] [stdout]     |                        ^^^^ cannot infer type for type parameter `T` declared on the enum `Option`
[INFO] [stdout] 
[INFO] [stdout] 
[INFO] [stdout] error[E0599]: no method named `as_slice` found for reference `&String` in the current scope
[INFO] [stdout]    --> src/hg.rs:218:23
[INFO] [stdout]     |
[INFO] [stdout] 218 |             cmd.env(k.as_slice(), v.as_slice());
[INFO] [stdout]     |                       ^^^^^^^^ method not found in `&String`
[INFO] [stdout] 
[INFO] [stdout] 
[INFO] [stdout] error[E0599]: no method named `as_slice` found for reference `&String` in the current scope
[INFO] [stdout]    --> src/hg.rs:218:37
[INFO] [stdout]     |
[INFO] [stdout] 218 |             cmd.env(k.as_slice(), v.as_slice());
[INFO] [stdout]     |                                     ^^^^^^^^ method not found in `&String`
[INFO] [stdout] 
[INFO] [stdout] 
[INFO] [stdout] error[E0282]: type annotations needed
[INFO] [stdout]   --> src/svn.rs:32:25
[INFO] [stdout]    |
[INFO] [stdout] 32 |         SvnCommand{ wd: None, env: Vec::new(), verbose: false }
[INFO] [stdout]    |                         ^^^^ cannot infer type for type parameter `T` declared on the enum `Option`
[INFO] [stdout] 
[INFO] [stdout] 
[INFO] [stdout] error[E0599]: no method named `as_slice` found for reference `&String` in the current scope
[INFO] [stdout]    --> src/svn.rs:135:23
[INFO] [stdout]     |
[INFO] [stdout] 135 |             cmd.env(k.as_slice(), v.as_slice());
[INFO] [stdout]     |                       ^^^^^^^^ method not found in `&String`
[INFO] [stdout] 
[INFO] [stdout] 
[INFO] [stdout] error[E0599]: no method named `as_slice` found for reference `&String` in the current scope
[INFO] [stdout]    --> src/svn.rs:135:37
[INFO] [stdout]     |
[INFO] [stdout] 135 |             cmd.env(k.as_slice(), v.as_slice());
[INFO] [stdout]     |                                     ^^^^^^^^ method not found in `&String`
[INFO] [stdout] 
[INFO] [stdout] 
[INFO] [stdout] error[E0599]: no method named `as_slice` found for reference `&String` in the current scope
[INFO] [stdout]    --> src/svn.rs:160:23
[INFO] [stdout]     |
[INFO] [stdout] 160 |             cmd.env(k.as_slice(), v.as_slice());
[INFO] [stdout]     |                       ^^^^^^^^ method not found in `&String`
[INFO] [stdout] 
[INFO] [stdout] 
[INFO] [stdout] error[E0599]: no method named `as_slice` found for reference `&String` in the current scope
[INFO] [stdout]    --> src/svn.rs:160:37
[INFO] [stdout]     |
[INFO] [stdout] 160 |             cmd.env(k.as_slice(), v.as_slice());
[INFO] [stdout]     |                                     ^^^^^^^^ method not found in `&String`
[INFO] [stdout] 
[INFO] [stdout] 
[INFO] [stdout] error: aborting due to 70 previous errors; 10 warnings emitted
[INFO] [stdout] 
[INFO] [stdout] 
[INFO] [stdout] Some errors have detailed explanations: E0282, E0369, E0412, E0432, E0599, E0658.
[INFO] [stdout] 
[INFO] [stdout] For more information about an error, try `rustc --explain E0282`.
[INFO] [stdout] 
[INFO] [stderr] error: could not compile `scm`.
[INFO] [stderr] 
[INFO] [stderr] To learn more, run the command again with --verbose.
[INFO] [stderr] warning: build failed, waiting for other jobs to finish...
[INFO] [stdout] error[E0282]: type annotations needed
[INFO] [stdout]    --> src/hg.rs:114:24
[INFO] [stdout]     |
[INFO] [stdout] 114 |         HgCommand{ wd: None, env: Vec::new(), verbose: false }
[INFO] [stdout]     |                        ^^^^ cannot infer type for type parameter `T` declared on the enum `Option`
[INFO] [stdout] 
[INFO] [stdout] 
[INFO] [stdout] error[E0599]: no method named `as_slice` found for reference `&String` in the current scope
[INFO] [stdout]    --> src/hg.rs:218:23
[INFO] [stdout]     |
[INFO] [stdout] 218 |             cmd.env(k.as_slice(), v.as_slice());
[INFO] [stdout]     |                       ^^^^^^^^ method not found in `&String`
[INFO] [stdout] 
[INFO] [stdout] 
[INFO] [stdout] error[E0599]: no method named `as_slice` found for reference `&String` in the current scope
[INFO] [stdout]    --> src/hg.rs:218:37
[INFO] [stdout]     |
[INFO] [stdout] 218 |             cmd.env(k.as_slice(), v.as_slice());
[INFO] [stdout]     |                                     ^^^^^^^^ method not found in `&String`
[INFO] [stdout] 
[INFO] [stdout] 
[INFO] [stdout] error[E0599]: no function or associated item named `from_str` found for struct `String` in the current scope
[INFO] [stdout]    --> src/hg.rs:340:31
[INFO] [stdout]     |
[INFO] [stdout] 340 |         let mut dir = String::from_str("/tmp/");
[INFO] [stdout]     |                               ^^^^^^^^ function or associated item not found in `String`
[INFO] [stdout]     |
[INFO] [stdout]     = help: items from traits can only be used if the trait is in scope
[INFO] [stdout]     = note: the following trait is implemented but not in scope; perhaps add a `use` for it:
[INFO] [stdout]             `use std::str::FromStr;`
[INFO] [stdout] 
[INFO] [stdout] 
[INFO] [stdout] error[E0599]: no method named `as_slice` found for struct `String` in the current scope
[INFO] [stdout]    --> src/hg.rs:348:34
[INFO] [stdout]     |
[INFO] [stdout] 348 |         hcmd.init(Some(vec![repo.as_slice()]), to_res())
[INFO] [stdout]     |                                  ^^^^^^^^ method not found in `String`
[INFO] [stdout] 
[INFO] [stdout] 
[INFO] [stdout] error[E0282]: type annotations needed
[INFO] [stdout]   --> src/svn.rs:32:25
[INFO] [stdout]    |
[INFO] [stdout] 32 |         SvnCommand{ wd: None, env: Vec::new(), verbose: false }
[INFO] [stdout]    |                         ^^^^ cannot infer type for type parameter `T` declared on the enum `Option`
[INFO] [stdout] 
[INFO] [stdout] 
[INFO] [stdout] error[E0599]: no method named `as_slice` found for reference `&String` in the current scope
[INFO] [stdout]    --> src/svn.rs:135:23
[INFO] [stdout]     |
[INFO] [stdout] 135 |             cmd.env(k.as_slice(), v.as_slice());
[INFO] [stdout]     |                       ^^^^^^^^ method not found in `&String`
[INFO] [stdout] 
[INFO] [stdout] 
[INFO] [stdout] error[E0599]: no method named `as_slice` found for reference `&String` in the current scope
[INFO] [stdout]    --> src/svn.rs:135:37
[INFO] [stdout]     |
[INFO] [stdout] 135 |             cmd.env(k.as_slice(), v.as_slice());
[INFO] [stdout]     |                                     ^^^^^^^^ method not found in `&String`
[INFO] [stdout] 
[INFO] [stdout] 
[INFO] [stdout] error[E0599]: no method named `as_slice` found for reference `&String` in the current scope
[INFO] [stdout]    --> src/svn.rs:160:23
[INFO] [stdout]     |
[INFO] [stdout] 160 |             cmd.env(k.as_slice(), v.as_slice());
[INFO] [stdout]     |                       ^^^^^^^^ method not found in `&String`
[INFO] [stdout] 
[INFO] [stdout] 
[INFO] [stdout] error[E0599]: no method named `as_slice` found for reference `&String` in the current scope
[INFO] [stdout]    --> src/svn.rs:160:37
[INFO] [stdout]     |
[INFO] [stdout] 160 |             cmd.env(k.as_slice(), v.as_slice());
[INFO] [stdout]     |                                     ^^^^^^^^ method not found in `&String`
[INFO] [stdout] 
[INFO] [stdout] 
[INFO] [stdout] error: aborting due to 99 previous errors; 10 warnings emitted
[INFO] [stdout] 
[INFO] [stdout] 
[INFO] [stdout] Some errors have detailed explanations: E0282, E0369, E0412, E0425, E0432, E0433, E0599, E0658.
[INFO] [stdout] 
[INFO] [stdout] For more information about an error, try `rustc --explain E0282`.
[INFO] [stdout] 
[INFO] [stderr] error: build failed
[INFO] running `Command { std: "docker" "inspect" "99b98fe3e12ee20b9be637edef0f4a27f155477fa8483a601ddb5d9fed00fd1a", kill_on_drop: false }`
[INFO] running `Command { std: "docker" "rm" "-f" "99b98fe3e12ee20b9be637edef0f4a27f155477fa8483a601ddb5d9fed00fd1a", kill_on_drop: false }`
[INFO] [stdout] 99b98fe3e12ee20b9be637edef0f4a27f155477fa8483a601ddb5d9fed00fd1a
